{"id":11570,"date":"2026-04-08T22:18:27","date_gmt":"2026-04-08T21:18:27","guid":{"rendered":"https:\/\/www.levensreis.nl\/?page_id=11570"},"modified":"2026-04-08T22:34:02","modified_gmt":"2026-04-08T21:34:02","slug":"goedmensch","status":"publish","type":"page","link":"https:\/\/www.levensreis.nl\/index.php\/goedmensch\/","title":{"rendered":"Goedmensch"},"content":{"rendered":"<p><span style=\"color: #000000;\">Welwillend uit zelfingenomenheid<\/span><br \/>\n<span style=\"color: #000000;\">De \u2018Goedmensch\u2019 is progressief, sociaal betrokken, bevlogen, invoelend en vol van mededogen en begrip voor wie dat -volgens hem- nodig heeft. Goedmenschen komen wij met name tegen bij thema&#8217;s als Global Warming of Klimaatbeheersing, Europese Unie, Moslim immigratie, enz. Laten wij de Goedmensch in dit laatste actuele onderwerp eens nader bekijken.<\/span><\/p>\n<p><span style=\"color: #000000;\"><strong>De moslims in onze samenleving<br \/>\n<\/strong>De Goedmensch kan -vindt hij zelf- feilloos deze zwakkere groep in de samenleving aanwijzen en biedt hen zowel een luisterend oor als de helpende hand. Zogezegd een engel van geduld en goedheid, die tegelijkertijd de gedaante van een wr\u00e9kende engel met een vlammend zwaard kan aannemen tegenover diegenen die in zijn ogen\u00a0 zijn \u2018beschermelingen\u2019 belagen\u2026.<\/span><br \/>\n<span style=\"color: #000000;\">Meestal zijn die belagers westerse autochtonen, zoals hijzelf, maar zij zijn geen \u2018Goedmenschen.\u2019 Noodgedwongen berust hij er in dat het Goedmenschenschap nu eenmaal niet iedereen gegeven is. Zijn \u2018beschermelingen\u2019 zijn steevast het allochtone deel van de bevolking, de immigranten. Ook wel bekend als \u2018De moslims.\u2019<\/span><\/p>\n<p><span style=\"color: #000000;\"><strong>Moslims zijn zielig<br \/>\n<\/strong>De bescherming, die de Goedmensch hen biedt, hebben zij (volgens hem) meer dan hard nodig: Al sinds zij zich, nu zo \u2018n vier decennia geleden, door \u2018kommervolle omstandigheden\u2019 gedwongen in het Westen vestigden, zijn zij ( alweer volgens hem) gestuit op onbegrip, vooroordelen, uitbuiting en discriminatie en het is de vraag, w\u00e1\u00e1r zij ge\u00ebindigd zouden zijn als hij er niet was geweest: de progressieve, verdraagzame, ruimdenkende mens, die waakt over hun belangen, hun rechten\u2026<\/span><br \/>\n<span style=\"color: #000000;\">\u201cEn hun plichten?\u201d, hoort men deze of gene belangstellende vragen. Immers: in elke samenleving hebben de ingezetenen zowel hun rechten als hun plichten\u2026\u00a0Dat komt later nog, sust de Goedmensch nu al gedurende diezelfde vier decennia; het zou onmenselijk zijn om in dit stadium het uiterste van deze mensen te verlangen. Begrip voor hun situatie hebben zij nodig. EN begrip voor hun cultuur, dan zal men zien dat op den duur alles in orde komt: Zij zullen echt wel nog integreren.<\/span><br \/>\n<span style=\"color: #000000;\">De belangstellende merkt op dat sommige aspecten van die cultuur naar westerse maatstaven niet langer gewenst zijn: De westerse samenleving heeft hard genoeg gestreden om de scheiding van Kerk en Staat te realiseren. En hij heeft niet de indruk dat de islam die scheiding erkent\u2026. De Goedmensch geeft toe dat dit in de landen van herkomst missch\u00eden het geval is. Maar dat is d\u00e1\u00e1r. H\u00eder is de islam gewoon een godsdienst als alle andere\u2026..vindt hij.<\/span><br \/>\n<span style=\"color: #000000;\">De Goedmensch pretendeert op alles een antwoord te hebben: Hij heeft er een goede kijk op, vindt hij, omdat hij naar deze mensen en hun godsdienst toe een \u2018open mind\u2019 ontwikkeld heeft, in tegenstelling tot de \u2018xenofoben\u2019 en \u2018racisten\u2019, wier gedachtegang uitsluitend op \u2018vooroordelen\u2019 gebaseerd is. D\u00f3mme vooroordelen, betuigt hij met klem, zoals de generatie van zijn ouders ze ook nog wel had.<\/span><br \/>\n<span style=\"color: #000000;\">Hij ziet de Palestijnen als het enige slachtoffer in het conflict, weiger<\/span>t <span style=\"color: #000000;\">de andere kant<\/span> <span style=\"color: #000000;\">van de medaille te zien, maar schuift integendeel alle schuld op Isra\u00ebl en de \u2018Joden\u2019, die hij lijkt te haten als zijn eigen vijand! En dat terwijl Nederland met Isra\u00ebl decennialang zulke allerhartelijkste banden onderhield. T\u00f3t de kentering inzette.\u00a0Raadselachtig?!<\/span><br \/>\n<span style=\"color: #000000;\">Hij meende z\u00f3veel scherp te zien. Maar \u00e9\u00e9n ding zag hij in al zijn opstandigheid niet en dat was de realiteit: De realiteit betreffende Isra\u00ebl en de Palestijnen,<\/span> <span style=\"color: #000000;\">de realiteit betreffende de islam\u2026<\/span><br \/>\n<span style=\"color: #000000;\">Doordat de Palestijnen jarenlang vanuit de hele \u2013linkse \u2013 wereld zoveel steun mochten ontvangen, zijn zij verbetener dan ooit geworden in hun strijd voor een zelfstandige Staat Palestina, wat hierin resulteert dat zij er zelfs toe overgaan hun eigen burgers willens en wetens in gevaar te brengen, met andere woorden: hen -met inbegrip van vrouwen en kinderen- tot \u2018martelaren in de strijd tegen de \u2018ongelovigen\u2019 te maken door hen als \u2018menselijk schild\u2019 te gebruiken.<\/span><br \/>\n<span style=\"color: #000000;\">En dit gebeurt openlijk, zonder enige schroom\u2026<\/span><\/p>\n<p><span style=\"color: #000000;\"><strong>Confrontatie met de realiteit<br \/>\n<\/strong>En kijk: D\u00e1\u00e1rin kan de Goedmens niet meegaan. En hij ziet nu met eigen ogen dat gedwongen martelaarschap wel degelijk is wat er gebeurt.<\/span><br \/>\n<span style=\"color: #000000;\">Lange tijd heeft de Goedmensch geprobeerd deze feiten te negeren, af te wijzen, te ontkennen en geweigerd deze dingen te geloven.<\/span><br \/>\n<span style=\"color: #000000;\">Nu organisaties als Hamas er onbeschaamd voor uitkomen, moet hij wel. Hij wil niet, maar hij moet. Hij kan niet langer om deze feiten heen. Onze politici en de media in hun kielzog zijn er dan ook als de kippen bij om deze nieuwsgaring te minimaliseren en te dempen. Er zal nog een lange weg te gaan zijn eer de ogen van de Goedmensch, in zijn redeloze rebellie, definitief worden geopend. Feitelijk zal dit alleen mogelijk zijn op het moment dat hij daar zelf de noodzaak van inziet. En dat moment zal pas aanbreken als hij er niet langer omheen kan dat ZIJN grenzen overschreden worden.<\/span><br \/>\n<span style=\"color: #000000;\">Let wel: Specifiek de ZIJNE.\u00a0 Want dat is, in feite, waar het bij hem allemaal om draait: Om HEMZELF. En dat is dan ook precies datgene waaraan men kan zien dat hij totaal niets van de islam en diens volgelingen begrijpt.<\/span><br \/>\n<span style=\"color: #000000;\">Bij de islam dient het, ten behoeve van Allah, allemaal om HET COLLECTIEF te draaien: In een samenleving, gedomineerd door de Sharia-wetgeving, zou de Goedmensch nooit kunnen leven! Het ware beter dat hij daar eens eerlijk voor uitkwam!<\/span><\/p>\n","protected":false},"excerpt":{"rendered":"<p>Welwillend uit zelfingenomenheid De \u2018Goedmensch\u2019 is progressief, sociaal betrokken, bevlogen, invoelend en vol van mededogen en begrip voor wie dat -volgens hem- nodig heeft. Goedmenschen komen wij met name tegen <a href=\"https:\/\/www.levensreis.nl\/index.php\/goedmensch\/\" class=\"more-link\">[&hellip;]<\/a><\/p>\n","protected":false},"author":3,"featured_media":0,"parent":0,"menu_order":0,"comment_status":"closed","ping_status":"closed","template":"","meta":{"Layout":"","footnotes":""},"class_list":["entry","author-pascal","post-11570","page","type-page","status-publish"],"post_mailing_queue_ids":[],"_links":{"self":[{"href":"https:\/\/www.levensreis.nl\/index.php\/wp-json\/wp\/v2\/pages\/11570","targetHints":{"allow":["GET"]}}],"collection":[{"href":"https:\/\/www.levensreis.nl\/index.php\/wp-json\/wp\/v2\/pages"}],"about":[{"href":"https:\/\/www.levensreis.nl\/index.php\/wp-json\/wp\/v2\/types\/page"}],"author":[{"embeddable":true,"href":"https:\/\/www.levensreis.nl\/index.php\/wp-json\/wp\/v2\/users\/3"}],"replies":[{"embeddable":true,"href":"https:\/\/www.levensreis.nl\/index.php\/wp-json\/wp\/v2\/comments?post=11570"}],"version-history":[{"count":4,"href":"https:\/\/www.levensreis.nl\/index.php\/wp-json\/wp\/v2\/pages\/11570\/revisions"}],"predecessor-version":[{"id":11574,"href":"https:\/\/www.levensreis.nl\/index.php\/wp-json\/wp\/v2\/pages\/11570\/revisions\/11574"}],"wp:attachment":[{"href":"https:\/\/www.levensreis.nl\/index.php\/wp-json\/wp\/v2\/media?parent=11570"}],"curies":[{"name":"wp","href":"https:\/\/api.w.org\/{rel}","templated":true}]}}

<p><span style="color: #000000;">Welwillend uit zelfingenomenheid</span><br />
<span style="color: #000000;">De ‘Goedmensch’ is progressief, sociaal betrokken, bevlogen, invoelend en vol van mededogen en begrip voor wie dat -volgens hem- nodig heeft. Goedmenschen komen wij met name tegen bij thema&#8217;s als Global Warming of Klimaatbeheersing, Europese Unie, Moslim immigratie, enz. Laten wij de Goedmensch in dit laatste actuele onderwerp eens nader bekijken.</span></p>
<p><span style="color: #000000;"><strong>De moslims in onze samenleving<br />
</strong>De Goedmensch kan -vindt hij zelf- feilloos deze zwakkere groep in de samenleving aanwijzen en biedt hen zowel een luisterend oor als de helpende hand. Zogezegd een engel van geduld en goedheid, die tegelijkertijd de gedaante van een wrékende engel met een vlammend zwaard kan aannemen tegenover diegenen die in zijn ogen  zijn ‘beschermelingen’ belagen….</span><br />
<span style="color: #000000;">Meestal zijn die belagers westerse autochtonen, zoals hijzelf, maar zij zijn geen ‘Goedmenschen.’ Noodgedwongen berust hij er in dat het Goedmenschenschap nu eenmaal niet iedereen gegeven is. Zijn ‘beschermelingen’ zijn steevast het allochtone deel van de bevolking, de immigranten. Ook wel bekend als ‘De moslims.’</span></p>
<p><span style="color: #000000;"><strong>Moslims zijn zielig<br />
</strong>De bescherming, die de Goedmensch hen biedt, hebben zij (volgens hem) meer dan hard nodig: Al sinds zij zich, nu zo ‘n vier decennia geleden, door ‘kommervolle omstandigheden’ gedwongen in het Westen vestigden, zijn zij ( alweer volgens hem) gestuit op onbegrip, vooroordelen, uitbuiting en discriminatie en het is de vraag, wáár zij geëindigd zouden zijn als hij er niet was geweest: de progressieve, verdraagzame, ruimdenkende mens, die waakt over hun belangen, hun rechten…</span><br />
<span style="color: #000000;">“En hun plichten?”, hoort men deze of gene belangstellende vragen. Immers: in elke samenleving hebben de ingezetenen zowel hun rechten als hun plichten… Dat komt later nog, sust de Goedmensch nu al gedurende diezelfde vier decennia; het zou onmenselijk zijn om in dit stadium het uiterste van deze mensen te verlangen. Begrip voor hun situatie hebben zij nodig. EN begrip voor hun cultuur, dan zal men zien dat op den duur alles in orde komt: Zij zullen echt wel nog integreren.</span><br />
<span style="color: #000000;">De belangstellende merkt op dat sommige aspecten van die cultuur naar westerse maatstaven niet langer gewenst zijn: De westerse samenleving heeft hard genoeg gestreden om de scheiding van Kerk en Staat te realiseren. En hij heeft niet de indruk dat de islam die scheiding erkent…. De Goedmensch geeft toe dat dit in de landen van herkomst misschíen het geval is. Maar dat is dáár. Híer is de islam gewoon een godsdienst als alle andere…..vindt hij.</span><br />
<span style="color: #000000;">De Goedmensch pretendeert op alles een antwoord te hebben: Hij heeft er een goede kijk op, vindt hij, omdat hij naar deze mensen en hun godsdienst toe een ‘open mind’ ontwikkeld heeft, in tegenstelling tot de ‘xenofoben’ en ‘racisten’, wier gedachtegang uitsluitend op ‘vooroordelen’ gebaseerd is. Dómme vooroordelen, betuigt hij met klem, zoals de generatie van zijn ouders ze ook nog wel had.</span><br />
<span style="color: #000000;">Hij ziet de Palestijnen als het enige slachtoffer in het conflict, weiger</span>t <span style="color: #000000;">de andere kant</span> <span style="color: #000000;">van de medaille te zien, maar schuift integendeel alle schuld op Israël en de ‘Joden’, die hij lijkt te haten als zijn eigen vijand! En dat terwijl Nederland met Israël decennialang zulke allerhartelijkste banden onderhield. Tót de kentering inzette. Raadselachtig?!</span><br />
<span style="color: #000000;">Hij meende zóveel scherp te zien. Maar één ding zag hij in al zijn opstandigheid niet en dat was de realiteit: De realiteit betreffende Israël en de Palestijnen,</span> <span style="color: #000000;">de realiteit betreffende de islam…</span><br />
<span style="color: #000000;">Doordat de Palestijnen jarenlang vanuit de hele –linkse – wereld zoveel steun mochten ontvangen, zijn zij verbetener dan ooit geworden in hun strijd voor een zelfstandige Staat Palestina, wat hierin resulteert dat zij er zelfs toe overgaan hun eigen burgers willens en wetens in gevaar te brengen, met andere woorden: hen -met inbegrip van vrouwen en kinderen- tot ‘martelaren in de strijd tegen de ‘ongelovigen’ te maken door hen als ‘menselijk schild’ te gebruiken.</span><br />
<span style="color: #000000;">En dit gebeurt openlijk, zonder enige schroom…</span></p>
<p><span style="color: #000000;"><strong>Confrontatie met de realiteit<br />
</strong>En kijk: Dáárin kan de Goedmens niet meegaan. En hij ziet nu met eigen ogen dat gedwongen martelaarschap wel degelijk is wat er gebeurt.</span><br />
<span style="color: #000000;">Lange tijd heeft de Goedmensch geprobeerd deze feiten te negeren, af te wijzen, te ontkennen en geweigerd deze dingen te geloven.</span><br />
<span style="color: #000000;">Nu organisaties als Hamas er onbeschaamd voor uitkomen, moet hij wel. Hij wil niet, maar hij moet. Hij kan niet langer om deze feiten heen. Onze politici en de media in hun kielzog zijn er dan ook als de kippen bij om deze nieuwsgaring te minimaliseren en te dempen. Er zal nog een lange weg te gaan zijn eer de ogen van de Goedmensch, in zijn redeloze rebellie, definitief worden geopend. Feitelijk zal dit alleen mogelijk zijn op het moment dat hij daar zelf de noodzaak van inziet. En dat moment zal pas aanbreken als hij er niet langer omheen kan dat ZIJN grenzen overschreden worden.</span><br />
<span style="color: #000000;">Let wel: Specifiek de ZIJNE.  Want dat is, in feite, waar het bij hem allemaal om draait: Om HEMZELF. En dat is dan ook precies datgene waaraan men kan zien dat hij totaal niets van de islam en diens volgelingen begrijpt.</span><br />
<span style="color: #000000;">Bij de islam dient het, ten behoeve van Allah, allemaal om HET COLLECTIEF te draaien: In een samenleving, gedomineerd door de Sharia-wetgeving, zou de Goedmensch nooit kunnen leven! Het ware beter dat hij daar eens eerlijk voor uitkwam!</span></p>
